{"id":62,"date":"2023-07-13T15:23:37","date_gmt":"2023-07-13T15:23:37","guid":{"rendered":"https:\/\/www.leis.um.si\/?page_id=62"},"modified":"2023-09-04T07:17:23","modified_gmt":"2023-09-04T07:17:23","slug":"vgrajeni-sistemi","status":"publish","type":"page","link":"https:\/\/leis.um.si\/?page_id=62&lang=sl","title":{"rendered":"Vgrajeni sistemi"},"content":{"rendered":"\n<h1 class=\"wp-block-heading\">Vgrajeni sistemi<\/h1>\n\n\n\n<p><strong>LEIS ponuja razvoj individualnih re\u0161itev na podro\u010djih interneta stvari (IoT) in industrije 4.0 prek kombiniranega portfelja strojne, programske in storitvene opreme.<\/strong><\/p>\n\n\n\n<p>Na osnovi najnovej\u0161ih tehnolo\u0161kih trendov in visoko zanesljivih najsodobnej\u0161ih tehnologij, LEIS zagotavlja varne in povezane aplikacije za najrazli\u010dnej\u0161e panoge, ki zagotavljajo prednosti pospe\u0161enega \u010dasa do trga, ni\u017ejih skupnih stro\u0161kov lastni\u0161tva, podalj\u0161anih \u017eivljenjskih ciklov izdelkov in popolnoma integrirane aplikacije. LEIS zagotavlja visoko prilagodljiv in cenovno u\u010dinkovit na\u010drtovalski cikel, kar omogo\u010da enostavno in cenovno dostopno prilagajanje natan\u010dnim zahtevam glede funkcionalnosti in zmogljivosti, vklju\u010dno z nizko porabo energije za zmanj\u0161anje stro\u0161kov energije ali izbolj\u0161anje \u017eivljenjske dobe baterije.<\/p>\n\n\n\n<div class=\"wp-block-group is-nowrap is-layout-flex wp-container-core-group-is-layout-b5ae2e45 wp-block-group-is-layout-flex\" style=\"margin-top:var(--wp--preset--spacing--30);margin-bottom:var(--wp--preset--spacing--30);padding-top:0;padding-right:0;padding-bottom:0;padding-left:0\">\n<figure class=\"wp-block-image size-large has-custom-border\"><a href=\"https:\/\/www.leis.um.si\/wp-content\/uploads\/leis-embededsystems-1.jpg\"><img loading=\"lazy\" decoding=\"async\" width=\"1024\" height=\"768\" src=\"https:\/\/www.leis.um.si\/wp-content\/uploads\/leis-embededsystems-1-1024x768.jpg\" alt=\"\" class=\"wp-image-243\" style=\"border-top-left-radius:8px;border-top-right-radius:8px;border-bottom-left-radius:8px;border-bottom-right-radius:32px;aspect-ratio:1;object-fit:cover\" srcset=\"https:\/\/leis.um.si\/wp-content\/uploads\/leis-embededsystems-1-1024x768.jpg 1024w, https:\/\/leis.um.si\/wp-content\/uploads\/leis-embededsystems-1-300x225.jpg 300w, https:\/\/leis.um.si\/wp-content\/uploads\/leis-embededsystems-1-768x576.jpg 768w, https:\/\/leis.um.si\/wp-content\/uploads\/leis-embededsystems-1.jpg 1200w\" sizes=\"auto, (max-width: 1024px) 100vw, 1024px\" \/><\/a><\/figure>\n\n\n\n<figure class=\"wp-block-image size-large has-custom-border\"><a href=\"https:\/\/www.leis.um.si\/wp-content\/uploads\/leis-embededsystems-2.jpg\"><img loading=\"lazy\" decoding=\"async\" width=\"1024\" height=\"841\" src=\"https:\/\/www.leis.um.si\/wp-content\/uploads\/leis-embededsystems-2-1024x841.jpg\" alt=\"\" class=\"wp-image-244\" style=\"border-top-left-radius:8px;border-top-right-radius:8px;border-bottom-left-radius:8px;border-bottom-right-radius:32px;aspect-ratio:1;object-fit:cover\" srcset=\"https:\/\/leis.um.si\/wp-content\/uploads\/leis-embededsystems-2-1024x841.jpg 1024w, https:\/\/leis.um.si\/wp-content\/uploads\/leis-embededsystems-2-300x247.jpg 300w, https:\/\/leis.um.si\/wp-content\/uploads\/leis-embededsystems-2-768x631.jpg 768w, https:\/\/leis.um.si\/wp-content\/uploads\/leis-embededsystems-2.jpg 1200w\" sizes=\"auto, (max-width: 1024px) 100vw, 1024px\" \/><\/a><\/figure>\n\n\n\n<figure class=\"wp-block-image size-large has-custom-border\"><a href=\"https:\/\/www.leis.um.si\/wp-content\/uploads\/leis-embededsystems-3-rotated.jpg\"><img loading=\"lazy\" decoding=\"async\" width=\"1024\" height=\"768\" src=\"https:\/\/www.leis.um.si\/wp-content\/uploads\/leis-embededsystems-3-1024x768.jpg\" alt=\"\" class=\"wp-image-245\" style=\"border-top-left-radius:8px;border-top-right-radius:8px;border-bottom-left-radius:8px;border-bottom-right-radius:32px;aspect-ratio:1;object-fit:cover\" srcset=\"https:\/\/leis.um.si\/wp-content\/uploads\/leis-embededsystems-3-1024x768.jpg 1024w, https:\/\/leis.um.si\/wp-content\/uploads\/leis-embededsystems-3-300x225.jpg 300w, https:\/\/leis.um.si\/wp-content\/uploads\/leis-embededsystems-3-768x576.jpg 768w, https:\/\/leis.um.si\/wp-content\/uploads\/leis-embededsystems-3-rotated.jpg 1200w\" sizes=\"auto, (max-width: 1024px) 100vw, 1024px\" \/><\/a><\/figure>\n<\/div>\n\n\n\n<div class=\"wp-block-group is-nowrap is-layout-flex wp-container-core-group-is-layout-b5ae2e45 wp-block-group-is-layout-flex\" style=\"margin-top:var(--wp--preset--spacing--30);margin-bottom:var(--wp--preset--spacing--30);padding-top:0;padding-right:0;padding-bottom:0;padding-left:0\">\n<figure class=\"wp-block-image size-large has-custom-border\"><a href=\"https:\/\/www.leis.um.si\/wp-content\/uploads\/leis-embededsystems-4.jpg\"><img loading=\"lazy\" decoding=\"async\" width=\"1024\" height=\"1005\" src=\"https:\/\/www.leis.um.si\/wp-content\/uploads\/leis-embededsystems-4-1024x1005.jpg\" alt=\"\" class=\"wp-image-246\" style=\"border-top-left-radius:8px;border-top-right-radius:8px;border-bottom-left-radius:8px;border-bottom-right-radius:32px;aspect-ratio:1;object-fit:cover\" srcset=\"https:\/\/leis.um.si\/wp-content\/uploads\/leis-embededsystems-4-1024x1005.jpg 1024w, https:\/\/leis.um.si\/wp-content\/uploads\/leis-embededsystems-4-300x295.jpg 300w, https:\/\/leis.um.si\/wp-content\/uploads\/leis-embededsystems-4-768x754.jpg 768w, https:\/\/leis.um.si\/wp-content\/uploads\/leis-embededsystems-4.jpg 1200w\" sizes=\"auto, (max-width: 1024px) 100vw, 1024px\" \/><\/a><\/figure>\n<\/div>\n\n\n\n<div class=\"wp-block-group is-nowrap is-layout-flex wp-container-core-group-is-layout-b5ae2e45 wp-block-group-is-layout-flex\" style=\"margin-top:var(--wp--preset--spacing--30);margin-bottom:var(--wp--preset--spacing--30);padding-top:0;padding-right:0;padding-bottom:0;padding-left:0\">\n<figure class=\"wp-block-image size-large has-custom-border\"><a href=\"https:\/\/www.leis.um.si\/wp-content\/uploads\/leis-embededsystems-5-rotated.jpg\"><img loading=\"lazy\" decoding=\"async\" width=\"1024\" height=\"768\" src=\"https:\/\/www.leis.um.si\/wp-content\/uploads\/leis-embededsystems-5-1024x768.jpg\" alt=\"\" class=\"wp-image-247\" style=\"border-top-left-radius:8px;border-top-right-radius:8px;border-bottom-left-radius:8px;border-bottom-right-radius:32px;aspect-ratio:1;object-fit:cover\" srcset=\"https:\/\/leis.um.si\/wp-content\/uploads\/leis-embededsystems-5-1024x768.jpg 1024w, https:\/\/leis.um.si\/wp-content\/uploads\/leis-embededsystems-5-300x225.jpg 300w, https:\/\/leis.um.si\/wp-content\/uploads\/leis-embededsystems-5-768x576.jpg 768w, https:\/\/leis.um.si\/wp-content\/uploads\/leis-embededsystems-5-rotated.jpg 1200w\" sizes=\"auto, (max-width: 1024px) 100vw, 1024px\" \/><\/a><\/figure>\n\n\n\n<figure class=\"wp-block-image size-large has-custom-border\"><a href=\"https:\/\/www.leis.um.si\/wp-content\/uploads\/leis-embededsystems-7-rotated.jpg\"><img loading=\"lazy\" decoding=\"async\" width=\"1024\" height=\"768\" src=\"https:\/\/www.leis.um.si\/wp-content\/uploads\/leis-embededsystems-7-1024x768.jpg\" alt=\"\" class=\"wp-image-248\" style=\"border-top-left-radius:8px;border-top-right-radius:8px;border-bottom-left-radius:8px;border-bottom-right-radius:32px;aspect-ratio:1;object-fit:cover\" srcset=\"https:\/\/leis.um.si\/wp-content\/uploads\/leis-embededsystems-7-1024x768.jpg 1024w, https:\/\/leis.um.si\/wp-content\/uploads\/leis-embededsystems-7-300x225.jpg 300w, https:\/\/leis.um.si\/wp-content\/uploads\/leis-embededsystems-7-768x576.jpg 768w, https:\/\/leis.um.si\/wp-content\/uploads\/leis-embededsystems-7-rotated.jpg 1200w\" sizes=\"auto, (max-width: 1024px) 100vw, 1024px\" \/><\/a><\/figure>\n\n\n\n<figure class=\"wp-block-image size-large has-custom-border\"><a href=\"https:\/\/www.leis.um.si\/wp-content\/uploads\/leis-embededsystems-8-rotated.jpg\"><img loading=\"lazy\" decoding=\"async\" width=\"1024\" height=\"768\" src=\"https:\/\/www.leis.um.si\/wp-content\/uploads\/leis-embededsystems-8-1024x768.jpg\" alt=\"\" class=\"wp-image-249\" style=\"border-top-left-radius:8px;border-top-right-radius:8px;border-bottom-left-radius:8px;border-bottom-right-radius:32px;aspect-ratio:1;object-fit:cover\" srcset=\"https:\/\/leis.um.si\/wp-content\/uploads\/leis-embededsystems-8-1024x768.jpg 1024w, https:\/\/leis.um.si\/wp-content\/uploads\/leis-embededsystems-8-300x225.jpg 300w, https:\/\/leis.um.si\/wp-content\/uploads\/leis-embededsystems-8-768x576.jpg 768w, https:\/\/leis.um.si\/wp-content\/uploads\/leis-embededsystems-8-rotated.jpg 1200w\" sizes=\"auto, (max-width: 1024px) 100vw, 1024px\" \/><\/a><\/figure>\n<\/div>\n","protected":false},"excerpt":{"rendered":"<p>Vgrajeni sistemi LEIS ponuja razvoj individualnih re\u0161itev na podro\u010djih interneta stvari (IoT) in industrije 4.0 prek kombiniranega portfelja strojne, programske in storitvene opreme. Na osnovi najnovej\u0161ih tehnolo\u0161kih trendov in visoko zanesljivih najsodobnej\u0161ih tehnologij, LEIS zagotavlja varne in povezane aplikacije za najrazli\u010dnej\u0161e panoge, ki zagotavljajo prednosti pospe\u0161enega \u010dasa do trga, ni\u017ejih skupnih stro\u0161kov lastni\u0161tva, podalj\u0161anih \u017eivljenjskih [&hellip;]<\/p>\n","protected":false},"author":2,"featured_media":0,"parent":0,"menu_order":0,"comment_status":"closed","ping_status":"closed","template":"","meta":{"site-sidebar-layout":"default","site-content-layout":"","ast-site-content-layout":"default","site-content-style":"default","site-sidebar-style":"default","ast-global-header-display":"","ast-banner-title-visibility":"","ast-main-header-display":"","ast-hfb-above-header-display":"","ast-hfb-below-header-display":"","ast-hfb-mobile-header-display":"","site-post-title":"","ast-breadcrumbs-content":"","ast-featured-img":"","footer-sml-layout":"","ast-disable-related-posts":"","theme-transparent-header-meta":"","adv-header-id-meta":"","stick-header-meta":"","header-above-stick-meta":"","header-main-stick-meta":"","header-below-stick-meta":"","astra-migrate-meta-layouts":"default","ast-page-background-enabled":"default","ast-page-background-meta":{"desktop":{"background-color":"var(--ast-global-color-4)","background-image":"","background-repeat":"repeat","background-position":"center center","background-size":"auto","background-attachment":"scroll","background-type":"","background-media":"","overlay-type":"","overlay-color":"","overlay-opacity":"","overlay-gradient":""},"tablet":{"background-color":"","background-image":"","background-repeat":"repeat","background-position":"center center","background-size":"auto","background-attachment":"scroll","background-type":"","background-media":"","overlay-type":"","overlay-color":"","overlay-opacity":"","overlay-gradient":""},"mobile":{"background-color":"","background-image":"","background-repeat":"repeat","background-position":"center center","background-size":"auto","background-attachment":"scroll","background-type":"","background-media":"","overlay-type":"","overlay-color":"","overlay-opacity":"","overlay-gradient":""}},"ast-content-background-meta":{"desktop":{"background-color":"var(--ast-global-color-5)","background-image":"","background-repeat":"repeat","background-position":"center center","background-size":"auto","background-attachment":"scroll","background-type":"","background-media":"","overlay-type":"","overlay-color":"","overlay-opacity":"","overlay-gradient":""},"tablet":{"background-color":"var(--ast-global-color-5)","background-image":"","background-repeat":"repeat","background-position":"center center","background-size":"auto","background-attachment":"scroll","background-type":"","background-media":"","overlay-type":"","overlay-color":"","overlay-opacity":"","overlay-gradient":""},"mobile":{"background-color":"var(--ast-global-color-5)","background-image":"","background-repeat":"repeat","background-position":"center center","background-size":"auto","background-attachment":"scroll","background-type":"","background-media":"","overlay-type":"","overlay-color":"","overlay-opacity":"","overlay-gradient":""}},"footnotes":""},"class_list":["post-62","page","type-page","status-publish","hentry"],"_links":{"self":[{"href":"https:\/\/leis.um.si\/index.php?rest_route=\/wp\/v2\/pages\/62","targetHints":{"allow":["GET"]}}],"collection":[{"href":"https:\/\/leis.um.si\/index.php?rest_route=\/wp\/v2\/pages"}],"about":[{"href":"https:\/\/leis.um.si\/index.php?rest_route=\/wp\/v2\/types\/page"}],"author":[{"embeddable":true,"href":"https:\/\/leis.um.si\/index.php?rest_route=\/wp\/v2\/users\/2"}],"replies":[{"embeddable":true,"href":"https:\/\/leis.um.si\/index.php?rest_route=%2Fwp%2Fv2%2Fcomments&post=62"}],"version-history":[{"count":3,"href":"https:\/\/leis.um.si\/index.php?rest_route=\/wp\/v2\/pages\/62\/revisions"}],"predecessor-version":[{"id":251,"href":"https:\/\/leis.um.si\/index.php?rest_route=\/wp\/v2\/pages\/62\/revisions\/251"}],"wp:attachment":[{"href":"https:\/\/leis.um.si\/index.php?rest_route=%2Fwp%2Fv2%2Fmedia&parent=62"}],"curies":[{"name":"wp","href":"https:\/\/api.w.org\/{rel}","templated":true}]}}